(-27)/m - 3). Let k(a) = 13*a**3 - 2*a**2 + 3*a + 5. Is k(u) composite?
False
Let k = 138541 + -68864. Is k composite?
False
Let x = -52 + 390. Let f = x - 110. Is (-1 - f/(-10))*(20 - 15) prime?
True
Is ((-2)/(-16))/((-409)/(-609890984)) prime?
True
Is 3 + (-25249482)/(-225) + (-6)/(-75) a composite number?
False
Let z = -51 - -42. Is 590 + 0 + 4 + 1 + z composite?
True
Suppose -3*p + 527 = 5*i, -3*p = -3 + 6. Let z = 2109 - i. Suppose 0 = -7*v - z + 8044. Is v a prime number?
True
Let g be ((-8)/12)/(2/(-30)). Let i(y) = -y**2 + 6*y + 27. Let p be i(g). Let q = p + 104. Is q prime?
False
Suppose 10*r - 32 = 6*r. Let k = -8 + r. Is (-1)/(-3) + k + 27660/18 a composite number?
True
Let u be (-8)/(-6) + (-8 - (-130)/15). Let c(f) = -15*f**u + 4*f + 14 + 32*f**2 + 23*f**2 - 5. Is c(-4) prime?
False
Let b(c) be the third derivative of c**5/60 - 7*c**4/24 + c**3/3 + 4*c**2. Let i be b(6). Is -2*(-318)/(-18)*6/i a prime number?
True
Let r = 26494 - 7547. Is r a prime number?
True
Suppose -5*d - f + 20 = 0, 19 = 4*d - 4*f + 3. Suppose 1651 = 5*a + d*l, -44*a + 659 = -42*a + 3*l. Is a a prime number?
True
Let f(l) = 1160*l - 471. Is f(11) a prime number?
True
Let q be -1*9/6 - 35/(-10). Suppose -4199 = -q*w + 3*g, 2*w = 4*w + g - 4203. Is w a prime number?
False
Suppose 16*q - 20*q + 83817 = m, -4*m + 335289 = -5*q. Is m a prime number?
False
Suppose 352 = -4*a + 364. Suppose -5*t + 115507 = -0*t - a*b, 3*b - 23087 = -t. Is t prime?
True
Suppose 3*r - 3*u - 68 - 55 = 0, -5*r + 193 = -u. Let s be 202/(-22) + r/209. Is (-14505)/(-27) - (-2)/s a composite number?
True
Suppose 2*p + 5*o = 97, -38*p = -39*p + 5*o + 11. Is 22882/8 - ((-207)/p + 7) a composite number?
True
Let f = 9718 - -17133. Is f a composite number?
True
Let x(o) = -18*o**3 + o**2 + 3*o + 4. Let n be x(5). Let k = 3433 + n. Is (6/18)/(1/k) a prime number?
True
Let u = -594 + 597. Suppose 5*h + 5*m = 42145 + 56545, 59189 = u*h - 2*m. Is h a prime number?
False
Let p(b) = b**3 + 2*b**2 - b - 10385. Let u be p(0). Let x be (-2 + 1)/(-2 - u/5190). Let j = x - -1825. Is j a composite number?
False
Let i be 0/1 - (2 + -1760). Suppose -9*p - 8240 = -3*p - 16*p. Let s = i - p. Is s a composite number?
True
Suppose -4*v - 31626 = j - 194725, 0 = -j - v + 163075. Is j prime?
False
Suppose -63*b + 463602 = 2*u - 59*b, 695392 = 3*u - 5*b. Is u composite?
False
Let h be ((-5)/3)/(37/(-333)). Let t(l) = -2*l**3 + 32*l**2 + 6*l - 7. Is t(h) composite?
True
Is 0/(10 - (4 + 4)) + 34003 prime?
False
Let j = -143 + 137. Let y(s) = 4*s**2 - 15*s - 13. Is y(j) prime?
False
Is (-21 + (-200190)/15)*-1*1 composite?
False
Suppose 4*v - v - 12 = -3*w, -3*v = w - 6. Suppose 0 = x + w, -x - x - 9 = -d. Suppose d*o - 894 - 1213 = 4*g, -3*o + 5*g = -2108. Is o composite?
False
Is -7 - (-47100)/9*126/28 composite?
True
Let f = -72 - -89. Suppose -50121 = -f*a + 8*a. Is a composite?
False
Is 73/(-146) + -3 + 1 + 3076374/4 composite?
False
Is 1*6*992782/84 prime?
True
Is ((-549)/27 + 21)*(306459/6 - 3) a prime number?
False
Is (-1662)/4*(212 + -214)/(6/5582) composite?
True
Let p(o) be the first derivative of 3*o**4/2 + 2*o**3 + 3*o**2 - 17*o + 3. Let m be p(7). Let y = -1418 + m. Is y a composite number?
True
Let v(l) = l + 27. Suppose -4*q = 3*s + 32, 7 - 36 = s + 5*q. Let d be v(s). Let z(w) = 169*w + 12. Is z(d) composite?
True
Let b be 18936/52 + (-16)/104. Let n = b + 514. Is n composite?
True
Suppose 0 = -0*n + 7*n + 56. Let q(p) = 2*p + 22. Let i be q(n). Is i/2*(-1386)/(-54) a prime number?
False
Suppose -3*a - 23*c + 18*c = -54763, -2*a - 4*c = -36510. Is a a composite number?
False
Let i(k) = -k**3 - 37*k**2 + 2*k + 80. Let w be i(-37). Is 39222/((-54)/w)*(-2)/4 composite?
False
Let w be (-3 + -78)*1805/(-15). Suppose h = 5*z - w - 1062, -3*h = -5*z + 10817. Is z a composite number?
False
Let y(c) = -3*c**3 + 45*c**2 - 35*c - 807. Is y(-28) composite?
True
Let s(p) = -337*p - 17. Let q be s(-6). Let g = q + -540. Is g composite?
True
Suppose 0*a - 12 = -3*a. Suppose 0 = -3*l + 5*o - o + 18, a*l + 4*o + 4 = 0. Suppose -l*b + 2315 - 151 = 0. Is b composite?
True
Let c(d) be the first derivative of -273*d**2 + 19*d + 73. Is c(-4) composite?
False
Suppose 2*q + 3*h = 48755, 0 = 23*h - 28*h - 25. Is q a prime number?
False
Suppose 0 = x - 2*p, -3*x = 4*p - 0*p. Let y(l) = 3*l**2 - 53*l - 13. Let g be y(18). Suppose -g*q = -x*i + 2*i - 3959, -3*q + i = -2371. Is q composite?
True
Let s = -244 + 248. Suppose 13275 = 5*t - 2*b, s*t = 2*b + b + 10627. Is t composite?
True
Let w(d) = 22*d**2 - d + 14. Let i be w(8). Let s = i - -2269. Let x = s + -1714. Is x a prime number?
False
Let b be (-8)/10 - (4 - 88/10). Suppose -b*h + 3*w = -8960, 3*h - 10991 = -5*w - 4242. Is h a composite number?
False
Let o be (6/12 + -3)*18. Let j(k) = k**2 + 40*k - 110. Is j(o) composite?
True
Suppose 23*c = 10*c. Is (2 - 1 - c)/(2/22670) composite?
True
Let a be 6/4 - ((-45)/6 + 6). Suppose -5*w - 68712 = -4*s, 2*s - a*w - 41507 + 7153 = 0. Is s prime?
True
Let o = 123181 + 373218. Is o a composite number?
False
Let o(r) = -r**3 - 13*r**2 + 57*r - 42. Let v be o(-22). Let k = -1949 + v. Is k a prime number?
False
Let j(z) = 96*z**2 + 111*z - 2575. Is j(96) a prime number?
True
Let i(a) = 83533*a - 1189. Is i(14) a composite number?
True
Suppose 36*l - 816999 = 596037. Is l a prime number?
True
Let m = 6393 - 15082. Let a = m - -26208. Is a prime?
True
Let o(m) = -49*m**3 + 3*m**2 - 3*m + 1. Let f be o(1). Let g = f + 78. Let u = 65 - g. Is u a prime number?
False
Let s = -1269 - -3602. Is s composite?
False
Let g(i) = -3565*i**3 - 50*i**2 + i - 29. Is g(-6) a composite number?
True
Let j be (5448/(-10))/(16/(-40)) + 5. Let o = j + 924. Is o prime?
False
Let f(k) = k**3 - 61*k**2 + 88*k + 949. Is f(129) prime?
False
Suppose 3*c = 5*w + 330022, -46*w + 51*w = -5*c + 550050. Is c a prime number?
False
Let g be (7/(-3))/((-1)/(-6)). Let z(n) = -5*n + 27. Let s be z(g). Let q = 12 + s. Is q composite?
False
Suppose 8*r - 4*r = 3140. Suppose -f + r = -600. Suppose -w + f = -1158. Is w a composite number?
False
Suppose -16*c + 3 = -45. Let i be ((-2)/(-5))/((-1)/(-5)). Suppose -5*u + c*g + 1708 = 0, -i*u + g + 864 = 181. Is u a composite number?
True
Suppose 0 = -5*s + 4*a + 4 - 0, -s + 3*a + 3 = 0. Suppose s = 362*q - 363*q + 115. Is q a composite number?
True
Let b(h) = -2*h**3 - 7*h**2 + 7*h + 12. Let l be b(-4). Suppose -2*z - 5*r = -12494, l = r + 4*r. Is z prime?
True
Let m(i) = -2*i + 4. Let c be m(4). Is (2 + 5 + c)*16647/9 a composite number?
True
Let u = -16 - -212. Let l be u/56 - 2/(-4). Suppose l*a = 4*d + 12660, -15813 = -4*a - a - d. Is a a prime number?
True
Let q = 66 - 45. Suppose q*c - 19*c - 6326 = 0. Is c a composite number?
False
Let o(j) be the first derivative of -j**2 - 3*j + 5. Let l be o(-4). Suppose -3*i = 5*y - 763, 12 = 2*i - l*i. Is y a prime number?
False
Suppose -79*a + 75*a - 2*v = -18304, 0 = -3*a - 4*v + 13738. Is a a composite number?
True
Let f(o) = 3*o**3 - 8*o**2 - 7*o - 1. Suppose 3*n - 3*y - 27 = 0, -5*n + 9*y = 6*y - 43. Is f(n) a prime number?
True
Let y(b) = -53998*b - 12281. Is y(-10) a composite number?
False
Let z(t) = 137*t**2 - 8*t - 54. Let u(i) = 684*i**2 - 40*i - 272. Let d(f) = -2*u(f) + 11*z(f). Is d(-4) a prime number?
False
Let b(f) = -f**2 + 10*f + 25. Let a be b(12). Let h be -3 + a + 3 - -5. Suppose 2*p - m = 4885, m + 2448 = p + h*m. Is p prime?
False
Suppose 2*z + 162 = 4*g, 196 = 5*g + 5*z - z. Let p = g + -34. Let w(f) = 119*f - 25. Is w(p) prime?
False
Is 325066/16 + 9/24 prime?
False
Suppose 1168*s = 923*s + 61219865. Is s a composite number?
True
Is 1/(2/(-3))*(38 - 5027120/42) a composite number?
False
Suppose 10975 - 84333 = -2*v. Is v a prime number?
False
Is (-20406)/(-15) + 69/115 prime?
True
Let b = 76 + -69. Suppose -12 = b*k - 13*k. Suppose -6 = -2*t + 4*t, k*a + t = 3015. Is a a prime number?
False
Is (-7)/(532/27407272)*(1/2)/(-1) prime?
True
Is (-5 - (-2431219)/126)*18 a composite number?
False
Is 4/10*2119595/482 a composite number?
False
Let s be 17934/4*6/9. Suppose 0 = 2*g - 5*m - 6788, -s = 5*g - 2*m - 19938. Is g prime?
True
Suppose -35*b = -71*b + 1908612. Is b a prime number?
True
Let b(a) be the second derivative of 7/3*a**3 + 27*a + 21/2*a**2 + 1/12*a**